{"id":174,"date":"2026-03-24T10:45:59","date_gmt":"2026-03-24T09:45:59","guid":{"rendered":"https:\/\/musidrama.fr\/factory\/?page_id=174"},"modified":"2026-03-31T11:04:24","modified_gmt":"2026-03-31T09:04:24","slug":"cgv","status":"publish","type":"page","link":"https:\/\/musidrama.fr\/factory\/cgv\/","title":{"rendered":"CGV"},"content":{"rendered":"<h2>Conditions G\u00e9n\u00e9rales de Vente<\/h2>\n<p>Les conditions g\u00e9n\u00e9rales de vente d\u00e9taillent les modalit\u00e9s d&rsquo;inscription, de paiement et d&rsquo;annulation applicables aux formations propos\u00e9es par Musidrama Factory. Nous vous invitons \u00e0 les lire attentivement avant de proc\u00e9der \u00e0 votre inscription.<\/p>\n","protected":false},"excerpt":{"rendered":"<p>Conditions G\u00e9n\u00e9rales de Vente Les conditions g\u00e9n\u00e9rales de vente d\u00e9taillent les modalit\u00e9s d&rsquo;inscription, de paiement et d&rsquo;annulation applicables aux formations propos\u00e9es par Musidrama Factory. Nous vous invitons \u00e0 les lire attentivement avant de proc\u00e9der \u00e0 votre inscription.<\/p>\n","protected":false},"author":1,"featured_media":0,"parent":0,"menu_order":9,"comment_status":"closed","ping_status":"closed","template":"page-type.php","meta":{"_acf_changed":false,"footnotes":""},"class_list":["post-174","page","type-page","status-publish","hentry"],"acf":[],"_links":{"self":[{"href":"https:\/\/musidrama.fr\/factory\/wp-json\/wp\/v2\/pages\/174","targetHints":{"allow":["GET"]}}],"collection":[{"href":"https:\/\/musidrama.fr\/factory\/wp-json\/wp\/v2\/pages"}],"about":[{"href":"https:\/\/musidrama.fr\/factory\/wp-json\/wp\/v2\/types\/page"}],"author":[{"embeddable":true,"href":"https:\/\/musidrama.fr\/factory\/wp-json\/wp\/v2\/users\/1"}],"replies":[{"embeddable":true,"href":"https:\/\/musidrama.fr\/factory\/wp-json\/wp\/v2\/comments?post=174"}],"version-history":[{"count":9,"href":"https:\/\/musidrama.fr\/factory\/wp-json\/wp\/v2\/pages\/174\/revisions"}],"predecessor-version":[{"id":289,"href":"https:\/\/musidrama.fr\/factory\/wp-json\/wp\/v2\/pages\/174\/revisions\/289"}],"wp:attachment":[{"href":"https:\/\/musidrama.fr\/factory\/wp-json\/wp\/v2\/media?parent=174"}],"curies":[{"name":"wp","href":"https:\/\/api.w.org\/{rel}","templated":true}]}}