{"id":13,"date":"2026-03-09T11:47:50","date_gmt":"2026-03-09T10:47:50","guid":{"rendered":"https:\/\/musidrama.fr\/factory\/?page_id=13"},"modified":"2026-03-31T10:25:41","modified_gmt":"2026-03-31T08:25:41","slug":"inscriptions","status":"publish","type":"page","link":"https:\/\/musidrama.fr\/factory\/inscriptions\/","title":{"rendered":"Inscriptions"},"content":{"rendered":"<h2>T\u00e9l\u00e9chargements<\/h2>\n<p><a class=\"btn-secondary\" href=\"https:\/\/www.musidrama.fr\/ateliers\/assets\/files\/2025-2026\/Reglement-interieur-25-26-Atelier.pdf\" target=\"_blank\" rel=\"noopener\">R\u00e8glement int\u00e9rieur de l&rsquo;atelier libre<\/a><\/p>\n<p><a class=\"btn-secondary\" href=\"https:\/\/www.musidrama.fr\/ateliers\/assets\/files\/2025-2026\/CGV-atelier-libre%2025-26.pdf\" target=\"_blank\" rel=\"noopener\">CGV atelier libre<\/a><\/p>\n<p><a class=\"btn-secondary\" href=\"https:\/\/www.musidrama.fr\/ateliers\/assets\/files\/2025-2026\/CGV-25-26-cours-particuliers\" target=\"_blank\" rel=\"noopener\">CGV cours particuliers<\/a><\/p>\n<p><a class=\"btn-secondary\" href=\"https:\/\/musidrama.fr\/factory\/wp-content\/uploads\/2026\/03\/Livret-accueil-handicap.pdf\" target=\"_blank\" rel=\"noopener\">Livret d&rsquo;accueil &#8211; Handicap<\/a><\/p>\n","protected":false},"excerpt":{"rendered":"<p>T\u00e9l\u00e9chargements R\u00e8glement int\u00e9rieur de l&rsquo;atelier libre CGV atelier libre CGV cours particuliers Livret d&rsquo;accueil &#8211; Handicap<\/p>\n","protected":false},"author":1,"featured_media":0,"parent":0,"menu_order":3,"comment_status":"closed","ping_status":"closed","template":"inscriptions.php","meta":{"_acf_changed":false,"footnotes":""},"class_list":["post-13","page","type-page","status-publish","hentry"],"acf":[],"_links":{"self":[{"href":"https:\/\/musidrama.fr\/factory\/wp-json\/wp\/v2\/pages\/13","targetHints":{"allow":["GET"]}}],"collection":[{"href":"https:\/\/musidrama.fr\/factory\/wp-json\/wp\/v2\/pages"}],"about":[{"href":"https:\/\/musidrama.fr\/factory\/wp-json\/wp\/v2\/types\/page"}],"author":[{"embeddable":true,"href":"https:\/\/musidrama.fr\/factory\/wp-json\/wp\/v2\/users\/1"}],"replies":[{"embeddable":true,"href":"https:\/\/musidrama.fr\/factory\/wp-json\/wp\/v2\/comments?post=13"}],"version-history":[{"count":9,"href":"https:\/\/musidrama.fr\/factory\/wp-json\/wp\/v2\/pages\/13\/revisions"}],"predecessor-version":[{"id":280,"href":"https:\/\/musidrama.fr\/factory\/wp-json\/wp\/v2\/pages\/13\/revisions\/280"}],"wp:attachment":[{"href":"https:\/\/musidrama.fr\/factory\/wp-json\/wp\/v2\/media?parent=13"}],"curies":[{"name":"wp","href":"https:\/\/api.w.org\/{rel}","templated":true}]}}