{"id":3,"date":"2021-11-15T15:04:53","date_gmt":"2021-11-15T14:04:53","guid":{"rendered":"https:\/\/musidrama.fr\/events\/?page_id=3"},"modified":"2021-12-01T11:57:27","modified_gmt":"2021-12-01T10:57:27","slug":"mentions-legales","status":"publish","type":"page","link":"https:\/\/musidrama.fr\/events\/mentions-legales\/","title":{"rendered":"Mentions l\u00e9gales"},"content":{"rendered":"\r\n<div class=\"mCSB_container\">\r\n<h2 class=\"wp-block-heading\">Informations l\u00e9gales<\/h2>\r\n<p>Propri\u00e9taire et responsable de publication : Samuel Sen\u00e9 \u2013 samuel@musidrama.fr<\/p>\r\n<p><a title=\"Cr\u00e9ation de sites internet - Limoges\" href=\"http:\/\/www.m-matonnat.fr\/\" target=\"_blank\" rel=\"noopener\">Webdesign, graphisme et d\u00e9veloppement : Matthieu Matonnat<\/a><\/p>\r\n<p>H\u00e9bergement : OVH \u2013 2 rue Kellermann &#8211; 59100 Roubaix<\/p>\r\n<h2>Propri\u00e9t\u00e9 intellectuelle<\/h2>\r\n<p>Musidrama est propri\u00e9taire des droits de propri\u00e9t\u00e9 intellectuelle ou d\u00e9tient les droits d\u2019usage sur tous les \u00e9l\u00e9ments accessibles sur le site, qu&rsquo;il s&rsquo;agisse des textes, des images, des sons.<\/p>\r\n<p>Toute reproduction, repr\u00e9sentation, modification, publication, adaptation de tout ou partie des \u00e9l\u00e9ments du site, quel que soit le moyen ou le proc\u00e9d\u00e9 utilis\u00e9, est interdite, sauf autorisation \u00e9crite pr\u00e9alable de Musidrama.<\/p>\r\n<p>Toute exploitation non-autoris\u00e9e sera consid\u00e9r\u00e9e comme constitutive d\u2019une contrefa\u00e7on et poursuivie conform\u00e9ment aux dispositions des articles L.335-2 et suivants du Code de Propri\u00e9t\u00e9 Intellectuelle.<\/p>\r\n<h2>Cr\u00e9dits photos<\/h2>\r\n<p>Photos de book : Mathias Bord.<\/p>\r\n<p>Photos de spectacle : Anne Barot, Juarez Godoy, M\u00e9lanie Coste, Pierre Colletti, Samuel Sen\u00e9, Mathias Bord, etc\u2026<\/p>\r\n<p>R\u00e9alisation vid\u00e9os : Michel Benetton, Anouar Brissel, Samuel Sen\u00e9, etc\u2026<\/p>\r\n<p>Copyright L\u2019Agence Musicale, Christian Loviton Consulting, Monde France et Culture, Diola, Th\u00e9\u00e2tre Com\u00e9dia, Ville de Troyes, Op\u00e9ra C\u00f4t\u00e9 Ch\u0153ur, Musidrama, etc\u2026<\/p>\r\n<h2>Limitation de responsabilit\u00e9<\/h2>\r\n<p>Musidrama ne pourra \u00eatre tenu responsable des dommages directs et indirects caus\u00e9s au mat\u00e9riel de l\u2019utilisateur, lors de l\u2019acc\u00e8s au site, et r\u00e9sultant soit de l\u2019utilisation d\u2019un mat\u00e9riel ne r\u00e9pondant pas aux sp\u00e9cifications soit de l\u2019apparition d\u2019un bug ou d\u2019une incompatibilit\u00e9.<\/p>\r\n<h2>Donn\u00e9es personnelles<\/h2>\r\n<p>En France, les donn\u00e9es personnelles sont notamment prot\u00e9g\u00e9es par la loi n\u00b0 78-87 du 6 janvier 1978, la loi n\u00b0 2004-801 du 6 ao\u00fbt 2004, l&rsquo;article L. 226-13 du Code p\u00e9nal et la Directive Europ\u00e9enne du 24 octobre 1995.<\/p>\r\n<p>Ce site ne collecte des informations personnelles que pour apporter des r\u00e9ponses aux demandes de contact et ne sont en aucun cas conserv\u00e9es pour une quelconque autre utilisation.<\/p>\r\n<\/div>\r\n","protected":false},"excerpt":{"rendered":"<p>Informations l\u00e9gales Propri\u00e9taire et responsable de publication : Samuel Sen\u00e9 \u2013 samuel@musidrama.fr Webdesign, graphisme et d\u00e9veloppement : Matthieu Matonnat H\u00e9bergement : OVH \u2013 2 rue Kellermann &#8211; 59100 Roubaix Propri\u00e9t\u00e9 intellectuelle Musidrama est propri\u00e9taire des droits de propri\u00e9t\u00e9 intellectuelle ou d\u00e9tient les droits d\u2019usage sur tous les \u00e9l\u00e9ments accessibles sur le site, qu&rsquo;il s&rsquo;agisse des &hellip; <a href=\"https:\/\/musidrama.fr\/events\/mentions-legales\/\" class=\"more-link\">Continue reading <span class=\"screen-reader-text\">Mentions l\u00e9gales<\/span><\/a><\/p>\n","protected":false},"author":1,"featured_media":0,"parent":0,"menu_order":3,"comment_status":"closed","ping_status":"open","template":"","meta":{"footnotes":""},"class_list":["post-3","page","type-page","status-publish","hentry"],"acf":[],"_links":{"self":[{"href":"https:\/\/musidrama.fr\/events\/wp-json\/wp\/v2\/pages\/3","targetHints":{"allow":["GET"]}}],"collection":[{"href":"https:\/\/musidrama.fr\/events\/wp-json\/wp\/v2\/pages"}],"about":[{"href":"https:\/\/musidrama.fr\/events\/wp-json\/wp\/v2\/types\/page"}],"author":[{"embeddable":true,"href":"https:\/\/musidrama.fr\/events\/wp-json\/wp\/v2\/users\/1"}],"replies":[{"embeddable":true,"href":"https:\/\/musidrama.fr\/events\/wp-json\/wp\/v2\/comments?post=3"}],"version-history":[{"count":2,"href":"https:\/\/musidrama.fr\/events\/wp-json\/wp\/v2\/pages\/3\/revisions"}],"predecessor-version":[{"id":28,"href":"https:\/\/musidrama.fr\/events\/wp-json\/wp\/v2\/pages\/3\/revisions\/28"}],"wp:attachment":[{"href":"https:\/\/musidrama.fr\/events\/wp-json\/wp\/v2\/media?parent=3"}],"curies":[{"name":"wp","href":"https:\/\/api.w.org\/{rel}","templated":true}]}}